 third derivative of -1/2*d**3 + d**2 + v*d + 1/12*d**4 + 0. Calculate b(5).
7
Let l(s) = s - 1. Let h(c) = -10*c**2 + 1. Let v be h(1). Let n = 6 + v. Give l(n).
-4
Suppose z = 6*z + 5*j - 30, -4*j = 3*z - 21. Let c(u) = -3*u. Calculate c(z).
-9
Let w(q) = q**2 - q - 46. Let p be w(7). Let x(b) = b**3 + 3*b**2 - 4*b + 1. Give x(p).
1
Let y(c) = -34*c + 59*c - 24*c. Give y(7).
7
Let y(j) = -j**3 - j**2 + 3*j - 2. Let w be 1*(3 + (3 - 6)). Suppose -3*m - m - 12 = w. Give y(m).
7
Let h(a) = -a**3 - 7*a**2 - 6*a + 2. Let o(p) = p**2 + 3. Let k be o(0). Suppose -5*j + 2*j - i = -10, 3*j = k*i - 6. Suppose -z - j = 4. Determine h(z).
2
Let c(v) = 5*v + 5. Let w(u) = 4*u + 5. Let b(l) = -3*c(l) + 4*w(l). Let n = -8 - -5. What is b(n)?
2
Suppose -4*o + 6 = -o. Suppose -r = -2*r + o. Let u(w) = -r*w + 0 + 3 - w**3 - 5*w**2 - 2. Calculate u(-4).
-7
Let a be (-14)/4 + 1/(-2). Let o = a - -8. Let q(z) = z**3 - 5*z**2 + 6*z - 3. Calculate q(o).
5
Let i(w) = -3*w + 5. Suppose 2*r - 3*r + 3*f = -10, -4*f = 8. Determine i(r).
-7
Let u(a) = -a**2 - 3*a. Suppose -4*d - 49 = 5*j - 13, 4*j = -16. What is u(d)?
-4
Let i(k) = 4 - k**2 - 1 + 2 + 4*k. Let h be i(4). Let z = h + -4. Let t(u) = -4*u + 1. Give t(z).
-3
Let i(y) = -y**3 + 7*y**2 - 6*y + 5. Let j be i(6). Suppose -j + 17 = 4*h. Let t(d) = h + d**3 - 4 + 4*d**2 - 4. Calculate t(-4).
-5
Let s(q) = -2*q + 18. Let k(f) = f - 9. Let a(b) = -13*k(b) - 6*s(b). What is a(7)?
2
Let r(t) = 1 + 10*t**2 - t**3 - 16*t**2 + 7. Calculate r(-6).
8
Let y(k) = k**3 - 4*k**2 - 2*k + 2. Let u be (-4)/(-10) - (-46)/10. Suppose 24 = u*c + 4. What is y(c)?
-6
Let t(n) = -3 - n**2 + 2 + 0. Let u(h) = h**3 - 4*h**2 - 12*h + 36. Let v be u(5). What is t(v)?
-2
Let y(r) = -6*r + r**2 + 3*r + r + 3*r. What is y(0)?
0
Let p be ((-6)/(-1))/(-2)*-1. Let n(i) = p + i + 3*i - 2*i**2 - 7. Give n(3).
-10
Let i = -9 - -5. Let b = i - -6. Let s(w) = 1 + 2*w + w - b*w. What is s(-2)?
-1
Let u(x) = 5*x - 16. Let h(c) = 3*c - 11. Let i(y) = -8*h(y) + 5*u(y). Calculate i(-6).
2
Let x be 0/(-1) - 2/(-1). Let g(o) = -2*o + 2*o + 6 + x*o - 5 - 3*o**2. Give g(-1).
-4
Let h be (-256)/12 + (-4)/6. Let v = 9 + h. Let m(k) = -9*k + 8. Let u(w) = -4*w + 4. Let n(g) = v*u(g) + 6*m(g). Calculate n(-3).
2
Let l(h) = -6 + 5 + 5*h**2 - 4*h**2 - 2*h + 0*h. Let w be (-1)/(3*(-2)/(-12)). Determine l(w).
7
Suppose 5 + 3 = 4*a. Let l = 5 - a. Let j(m) = 3*m**2 - 4*m**2 + l - 3*m**2 - m - m**3. Calculate j(-3).
-3
Let k(q) = q**2 + 3*q - 5. Let u be k(-8). Suppose -4*d - u = d. Let b = -1 - d. Let a(c) = c**2 - 5*c - 8. What is a(b)?
-2
Suppose 5*n = 4*n + 5. Let x(q) = -q + 2. What is x(n)?
-3
Let l(m) be the second derivative of m**3/6 + 2*m**2 + 8*m. Give l(-5).
-1
Let l(j) = j - 5 + 0 + 6. Let b(i) = 3*i + 3. Let m(w) = -b(w) + 2*l(w). Suppose -x = -5*x - 20. Give m(x).
4
Let g(x) be the second derivative of x**3/2 + x**2 - 27*x. Give g(2).
8
Let k = 2 - -2. Suppose d = s - k*s - 4, 5*s = -3*d - 4. Suppose -3*a - d*a = -25. Let f(w) = w**2 - 5*w - 2. Give f(a).
-2
Let y(c) = -15*c + 5 + 4*c + 10*c. Determine y(4).
1
Let z(m) be the third derivative of -7*m**4/24 + m**3/3 - m**2. Let r = 101 - 99. Calculate z(r).
-12
Let p(h) = 4*h + 5. Let q(a) = -a - 2. Let k(j) = 3*p(j) + 8*q(j). Determine k(4).
15
Let q = -4 + 8. Let a(c) = c + c + c**2 + q*c + 3 - 2. Determine a(-5).
-4
Let o(w) = -2*w + 3. Let d(r) = -3*r + 5. Let k(n) = 5*d(n) - 8*o(n). Calculate k(-1).
0
Let r(x) = x**3 - 5*x**2 + x - 4. Let z be (5/(-15))/(1/(-12)). Calculate r(z).
-16
Let u(x) = -x**3 - x**2 + x + 4. Let z be (0/(-2))/(-3 + 4). What is u(z)?
4
Let u(g) = 1 - g + 3*g - 5 + 3*g - g**2. What is u(5)?
-4
Suppose 5*h + 3*t = 7, 3*h + 2*t + 0 - 4 = 0. Let q(y) = -6 - y**h + 1 + 5 - 3*y. Determine q(-5).
-10
Let q(x) = -2*x - 3*x - 8 + 2*x + 4*x. Determine q(0).
-8
Let w(y) be the third derivative of -y**5/60 - y**4/12 - y**3/6 + y**2. Suppose -5*d + g - 18 = -2, -d - 1 = 2*g. Determine w(d).
-4
Suppose -4*c + 2*z = 4*z - 14, 3*c - 5*z = -22. Let j be 4/(-6)*(-36)/8. Let m(v) = -j + 0 + 3 + 3*v - 1. What is m(c)?
2
Suppose -3*f = -4*z + f + 36, -3*f - 1 = -z. Let q = 9 - z. Let h(d) be the second derivative of d**3/3 + 5*d**2/2 + d. Give h(q).
-3
Suppose 39*m - 10 = 44*m. Let n(h) be the first derivative of 2*h**3/3 + h**2 - h + 1. Calculate n(m).
3
Let o = 17 + -11. Let y(l) = l**3 - 7*l**2 + 7*l + 4. Calculate y(o).
10
Suppose h = 2*m - 6, -m - 5 = -2*m. Let z(a) = -2*a + 2 + h - 2. Let s be (-1)/(2/(-3) - -1). Calculate z(s).
10
Let p(g) = -g**3 + g**2 + 2*g - 1. Let i be p(-2). Let d(m) = m - 1. What is d(i)?
6
Suppose -5*x - 10 = -2*s - s, 5*s = x - 20. Let j(v) = v + 12. Let z(h) = -h - 11. Let k(r) = -4*j(r) - 5*z(r). Determine k(s).
2
Suppose 4*f - 15 = -3*v, -f - 4 = -v - 6. Let s(q) = -3*q - 1. Give s(v).
-4
Suppose -4*m = w + 6, 5*w + 3 = -5*m - 27. Let t(l) = 3*l**3 - 5*l**2 + 13*l - 19. Let o(f) = f**3 - 3*f**2 + 6*f - 9. Let k(u) = 5*o(u) - 2*t(u). Give k(w).
5
Suppose -15*q = 46 - 151. Let k(u) = -3*u + 8. What is k(q)?
-13
Let n(z) be the third derivative of z**5/30 - z**4/3 + z**3/2 - 2*z**2 + 13. Calculate n(3).
-3
Let f(o) = -o + 1. Let j be (2 - 0) + (-12 - -7). Calculate f(j).
4
Let h(j) = 11*j + 3. Let b(m) = -5*m - 1. Suppose -g - 5 = 4*g + 5*t, -28 = -2*g + 4*t. Let s(q) = g*h(q) + 9*b(q). Give s(-6).
9
Let s(r) = r + 5. Let q = -2 + 12. Let o = q + -16. Determine s(o).
-1
Suppose 3*g - 8 = -g. Let v(m) = 0*m**3 + m - m**3 - 3*m**2 + 5*m**2 + 1. Give v(g).
3
Let q(u) = -u**3 - 7*u**2 - 6*u. Let v be q(-6). Suppose t - 4*t - 15 = v. Let a(m) = -m**3 - 5*m**2 + 2*m + 2. What is a(t)?
-8
Let g(o) be the third derivative of 8*o**2 + 0*o - 1/8*o**4 + 0 - 1/2*o**3 + 1/60*o**6 + 0*o**5. Calculate g(-2).
-13
Let l be 5/(-2 + 2 + 1). Suppose 2*m - l = m. Let u(d) = d**3 - 5*d**2 + 3. Calculate u(m).
3
Let b(w) be the second derivative of w**4/6 - 5*w**3/6 - 2*w**2 + 4*w. Give b(4).
8
Let b = 27 - 22. Let f(j) = j**2 - 3*j - 4. Give f(b).
6
Let f(h) be the second derivative of h**5/20 - h**4/3 + h**3/2 + 11*h. Give f(3).
0
Let j(t) = t**2 + 3*t**3 + t - t**3 - 3*t**3. Determine j(-1).
1
Let s(i) = -4*i + 303*i**2 + 302*i**2 - 607*i**2 - 1. What is s(-3)?
-7
Let a(k) be the third derivative of k**4/8 + k**3/2 - 4*k**2. Let y(z) = z**3 + z. Let v be y(-1). Determine a(v).
-3
Suppose 0 = -0*q - 2*q - 12. Let v(w) = -w**2 - 8*w - 3. Determine v(q).
9
Let o(h) = h**3 - 6*h**2 + 7*h - 3. Let v be o(5). Let i(m) = -3*m + 8. Give i(v).
-13
Suppose -2*p + 4 = -0. Let f(w) be the third derivative of -w**6/40 + w**5/30 + w**4/12 - 28*w**2. Give f(p).
-12
Let t(i) = -i**3 + 5*i**2 - 2*i - 3. Let g(v) = v**2 - 6*v + 3. Let j be g(6). Give t(j).
9
Let u(h) = h**2 - 16*h + 17. Let g be u(15). Let v be (-3)/6 - (-5)/(-2). Let a be 2/4 - v/g. Let w(d) = -2*d**3 + 2*d**2 - 1. Give w(a).
-9
Let j(d) = -7 + 3 - 2 - d**2. Suppose 5*n = 2*n. What is j(n)?
-6
Let r(f) be the second derivative of -2*f + 0*f**5 + 0*f**2 - 1/6*f**4 + 0 + 1/180*f**6 + 0*f**3. Let b(z) be the third derivative of r(z). Calculate b(1).
4
Let v be -3*1*3/(-3). Let p(q) = -14*q + 15*q + v - 3*q**2 - q**3 + 0. Determine p(-3).
0
Suppose -18 = -5*u + 3*u. Let c be (-12)/u*(5 + 1). Let d = 4 + c. Let y(i) = i**2 + 3*i - 1. Give y(d).
3
Let z(y) = -3*y**3 - 11*y**2 + y. Let c(l) = -5*l**3 - 21*l**2 + 3*l. Let v(j) = -4*c(j) + 7*z(j). What is v(6)?
6
Let w = 18 + -13. Let i(u) = -21 + 1 - 3*u + w*u + 3*u. Let p(r) = -r + 4. Let g(t) = 2*i(t) + 11*p(t). What is g(4)?
0
Let v(s) = -2 + s - 3*s - 4*s. What is v(-2)?
10
Let y(t) = 8*t**2 + 7*t - 1. Let k(f) = -6*f**2. Let n be k(-1). Let u(w) = -9*w**2 - 8*w + 1. Let z(v) = n*u(v) - 7*y(v). What is z(1)?
-2
Let a be (-35)/20*(-2 - 2). Let s be 1/(-2) + 27/6. Let m(v) = -3*v**2 - 3*v - 1. Let z(x) = 5*x**2 + 6*x + 2. Let y(b) = a*m(b) + s*z(b). Give y(4).
-3
Let r(y) = 15*y - 6. Let m(w) = 1. Let l(q) = 6*m(q) + r(q). What is l(1)?
15
Let u(o) = -o**3 + 7*o**2 - 3*o + 6. Let p(k) = 2*k**3 - 14*k**2 + 5*k - 12. Let j(t) = -3*p(t) - 5*u(t). Calculate j(7).
6
Let a(i) = i**3 + 7*i**2 - 3*i - 26. Let s be a(-7). Let j(d) = 3*d - 2. Give j(s).
-17
Let w(v) be the first derivative of v**5/20 - v**4/3 + v**2 - 3*v - 1. Let m(g) be the first derivative of w(g). Determine m(3).
-7
Let j be